ose 0 = u - j*k - 0*k + 127, -5*k = 3*u + 341. Is u/(-3)*(-34)/(-6) a prime number?
False
Let h = 1 + -2. Let f(c) = 2*c. Let k be f(-4). Let t = h - k. Is t a prime number?
True
Let s(c) = -c. Let x(t) = -18*t + 9. Let a(j) = -4*s(j) + x(j). Is a(-5) composite?
False
Suppose -4*r = -4*u + 284, -2*u - 4*r + 154 = -0*r. Is (4 - 3)/1 + u prime?
False
Let c = -884 - -1796. Let x be 4/12 + c/(-9). Let t = x + 178. Is t a prime number?
False
Suppose -2*i + 101 + 9 = 0. Is i a composite number?
True
Suppose 3*z = 1101 - 84. Is z a composite number?
True
Let s = -1 - -4. Let l = -2 - s. Let u(d) = 2*d**2 - d. Is u(l) composite?
True
Let q = 302 - -407. Is q a composite number?
False
Let g = -4 + 113. Is g a prime number?
True
Let h be (3 - 8)*(-13 - -2). Suppose 4*f - 144 - 24 = 0. Suppose -l = -h - f. Is l composite?
False
Suppose -x - 1 + 3 = 4*f, f - 23 = -4*x. Suppose 7*y + 5*v = 2*y + 170, x = 2*v. Is y a prime number?
True
Suppose r - 3 = -1. Let z = 2 - r. Suppose z = 4*v - 59 - 89. Is v a composite number?
False
Let n be (1 - 0)*2/2. Is (-1)/(-1*n/7) a composite number?
False
Let m(n) = -1 - 6 + 3 - 29*n. Is m(-3) a composite number?
False
Suppose 4*y - 1 - 9 = c, -2*y = -4*c - 12. Let f = y + 5. Is f composite?
False
Let f(l) = l**2 - 6*l - 9. Let i be f(8). Let o(h) = 22*h + 1. Is o(i) a composite number?
True
Let v be 65 - 1/((-1)/(-2)). Suppose 3*w + v - 24 = 0. Let c = -2 - w. Is c a prime number?
True
Is ((-6)/4 - -1)/(24/(-99024)) a prime number?
True
Let u(t) = -8*t + 21. Is u(-9) a prime number?
False
Suppose 2*c - 3*c + 205 = 0. Is c a prime number?
False
Let f be 36/15 - 9/(-15). Is 1834/21 - 1/f a composite number?
True
Is 4/6 + 412/12 prime?
False
Let s = 33 - 26. Is s composite?
False
Suppose 3*s - 309 = -2*x, 6*x - 2*s = 5*x + 165. Is x a composite number?
True
Suppose 0 = 3*y - 2499 - 510. Is y a prime number?
False
Suppose -8*g = 2*g - 8770. Is g composite?
False
Let o = -664 + 1117. Is o composite?
True
Let p = 3 - 12. Suppose 0*q + q = -15. Let r = p - q. Is r composite?
True
Let s be ((-462)/9)/(2/6). Is 4 + -2 - s/2 prime?
True
Let o = 17 - 15. Suppose 0 = -2*w - 0*w - 4, w = o*x - 160. Is x composite?
False
Let n = -168 - -345. Is n composite?
True
Let i be 1/(1/(-1)) - 14. Is i/(-9)*1*21 prime?
False
Let v(x) = -184*x + 7. Is v(-1) a prime number?
True
Is 1087 + (4 - 6 - -2) a composite number?
False
Let h be ((-10)/(-30))/((-1)/(-9)). Suppose 8*a = h*a + 65. Is a composite?
False
Suppose 0 = -2*g - 2*g. Suppose 0 = 5*q - 3*j - 320, -q + g*j = -2*j - 71. Let y = 70 + q. Is y a composite number?
False
Is (1 - -1)*(3 - 942/(-12)) a prime number?
True
Let h be (-1470 - 1)*(3 - 4). Suppose i + 2*o - h = -2*i, -5*o = 2*i - 999. Is i prime?
True
Suppose -2*x + 0*x = 2*s - 6398, -5*s + 4*x = -16031. Is s a composite number?
False
Let u(t) = 17*t**2 - t - 19. Let m(f) = 4*f**2 - 5. Let k(d) = 9*m(d) - 2*u(d). Is k(5) a prime number?
True
Suppose -4*j - 516 = 684. Let a = j - -499. Is a prime?
True
Suppose 0*t = -a + 5*t + 68, 3*a = -3*t + 114. Suppose 0*v - v - 6 = 0. Let q = v + a. Is q composite?
False
Let f(v) = v**3 + 7*v**2 + 7*v + 9. Let i be f(-6). Suppose i*w = -2*d + 626, 4*d - 4*w + w - 1288 = 0. Is d prime?
False
Suppose 3*p = -6, -5*z + 4*p - 11 = 11. Is (46/z)/(3/(-18)) composite?
True
Let q = 75 + 608. Is q composite?
False
Let u(a) = 6*a**3 + a**2 - a - 1. Let x be u(-1). Is -3*1 + (-430)/x prime?
True
Is (-12)/(-6) - -122 - 1 a composite number?
True
Suppose 3*s + 2*s - 235 = 0. Is s composite?
False
Suppose 3*y = 633 + 606. Is y a composite number?
True
Let w(g) = 3*g**2 - 2*g. Let i be w(2). Let x = i - 5. Suppose -3*f + 22 = -0*f + 2*j, -4*f + 30 = x*j. Is f composite?
True
Let i(c) = 112*c - 7. Let r be i(-8). Let h(x) = -x**3 - x**2 + 3*x. Let p be h(-3). Is r/(-6) + p/(-6) a prime number?
True
Let a(t) = 14*t**2 + 2*t - 3. Is a(-4) composite?
True
Suppose 0*f = f - 2*c + 6, 0 = 4*f + 5*c - 41. Suppose 5*o = 2*g + 465, -8*g + 93 = o - f*g. Is o composite?
True
Is 1*(-3)/(-5) - (-5692)/5 prime?
False
Is 2*1 - (-8028)/12 a composite number?
True
Let a be 0/(7/(7/2)). Suppose a = -g + 3*g + 18. Is (-2315)/g + 4/(-18) a prime number?
True
Let t(k) = 1 - 1 + k + 2 + 1. Is t(6) prime?
False
Let h(b) = -b**3 - 7*b**2 + 2. Let t be h(-7). Suppose 0 = 5*l + 2*m - 3*m - 9, 2*l = 2*m + t. Let p(q) = 10*q**2 - 2*q + 1. Is p(l) composite?
False
Let k(x) be the second derivative of x**5/20 + 7*x**4/12 - 5*x**3/3 - 3*x**2/2 + 5*x. Is k(-8) a composite number?
False
Suppose 5*b = n + 19 - 83, 0 = 5*n + 5*b - 320. Let k = n - -93. Is k a composite number?
False
Suppose l + i = -2*i + 67, 5*i = -2*l + 134. Let y(z) = 5*z**2 - 2*z + 2. Let j be y(3). Suppose 30 = 3*q + b - j, 3*q - b - l = 0. Is q a prime number?
True
Let h = -215 - -406. Is h a prime number?
True
Let r = -623 + 1512. Is r prime?
False
Suppose -3*m + 6*m = -4*h + 111, -5*m + 185 = -3*h. Is m composite?
False
Let m(b) = -b**3 - 6*b**2 + 10*b + 11. Suppose 2*o = -2*o - 32. Is m(o) a prime number?
True
Suppose 5*q + 121 = -0*b + 2*b, -2*b + 109 = -q. Let y = b - 38. Is y prime?
False
Let t(u) = 1 + 2*u**2 + u**2 - 4*u + 3. Is t(3) composite?
False
Suppose r - 6*r + h + 3531 = 0, 5*r - 3*h = 3523. Is r a composite number?
True
Is (-2)/((8/(-318))/2) composite?
True
Let i = 5 - 7. Is (-3 - -54) + i - 2 a prime number?
True
Let u(s) be the second derivative of -s**4/12 + 10*s**3/3 + 2*s**2 - s. Is u(15) composite?
False
Suppose -p - 4*p - 1250 = 0. Let q = -141 - p. Is q a prime number?
True
Suppose 0 = 2*h - s - 0*s - 5, -2 = -2*s. Suppose -2*m - h*q - 32 = -6*q, -11 = m + q. Let c = 39 + m. Is c prime?
False
Let l be (-4)/(-10) + 2/(-5). Suppose -4*f + 174 + 22 = l. Is f a prime number?
False
Is (293/(-1))/(1 - 2) prime?
True
Let m = 40 + 847. Is m composite?
False
Suppose -11 = -r + 4*j + 13, -2*j - 26 = -4*r. Suppose r*l - 149 = 3*g, -2*l + 0*g = 5*g - 55. Is l a prime number?
False
Suppose 3*n = 2*n + 25. Suppose 0 = 2*o - n + 7. Is o composite?
True
Let p(l) = l**2 + 4*l - 7. Let t be (12/(-10))/(1/5). Let r be p(t). Is (-154)/(-5) - (-1)/r a prime number?
True
Let m(u) = -45*u**3 + u**2 + 3. Let f be m(-3). Let j = -814 + f. Is j a prime number?
False
Let t(o) be the first derivative of 15*o**2 - o + 1. Let z(l) = -30*l + 1. Let p(d) = 3*t(d) + 4*z(d). Is p(-1) a composite number?
False
Suppose -393 + 2772 = -3*v. Let i = v - -1130. Is i a prime number?
True
Suppose -3*n + 6 - 3 = 0. Let l be (n - 3/1) + 313. Suppose 5*f - l - 24 = 0. Is f a prime number?
True
Is (-5430)/(-25) + (-3)/15 a composite number?
True
Suppose -h + 2*y + 10 = 3*h, 0 = -4*h - y + 19. Let r = -18 + 44. Suppose 0 = h*n + r - 238. Is n composite?
False
Let x(m) = m**3 + 5*m**2 - 7*m - 5. Let d be x(-6). Let c = 78 - d. Is c a prime number?
False
Let c(j) be the second derivative of 1/6*j**4 - j + 1/6*j**3 + 0 - 1/2*j**2. Is c(4) prime?
False
Let l(v) = -63*v - 4. Let j(u) = 62*u + 4. Let d(q) = -2*j(q) - 3*l(q). Is d(5) a composite number?
True
Let z(r) = 2*r**2 + 4*r + 3. Let q be z(-2). Suppose -8*s + 416 = -4*s - q*f, -3*f - 95 = -s. Suppose 3*p + 9 = 0, -2*w + 0*w - p = -s. Is w composite?
True
Let d be 3*(2 - (-7)/(-3)). Let y be 192/15 - d/5. Suppose 0 = 4*o + y - 241. Is o composite?
True
Suppose -4984 = -8*q + 1392. Is q a composite number?
False
Let x(f) = -49*f + 1. Let r be x(-2). Let d(n) = -n**3 - n**2 + n + 1. Let j be d(-2). Suppose -a - r = -3*a - c, -101 = -2*a - j*c. Is a composite?
True
Suppose -3*m - 3 = 6. Let u(n) = -5*n**3 + 2*n**2 - 2*n - 4. Is u(m) a composite number?
True
Let t(u) = 7*u**3 + u**2 - 7*u + 7. Is t(4) a prime number?
True
Suppose 0 = -3*n + 6 + 9. Let c be n + -4 - 47*-1. Suppose 18 = 2*a - c. Is a a prime number?
False
Let r(i) = -11*i**3 - 7*i**2 - 3*i - 11. Is r(-8) a prime number?
True
Suppose -3*x = x - 12. Suppose x*c + 6 = -b, c - 1 = b - 3. Is (-1 + b)/((-2)/106) a prime number?
True
Suppose -18 = -2*w + 2*t, 2*t + 26 = 4*w - 0. Suppose 79 = -2*b + w*a + 325, -2*b = -2*a - 254. Is b a prime number?
True
Suppose -3*h + 10 = 2*h. Suppose 0 = -h*b + 345 - 17. Suppose 3*z = 37 + b. Is z a prime number?
True
Suppose q - 11 - 26 = 0. Suppose 30 + q = w. Is w prime?
True
Let z = 1 - 1. Suppose -3*s = -z*s. Suppose s = -4*j + 7 + 37. Is j pri